 of 122972.
2, 71, 433
What are the prime factors of 1339?
13, 103
List the prime factors of 2130.
2, 3, 5, 71
List the prime factors of 3742.
2, 1871
List the prime factors of 24195.
3, 5, 1613
What are the prime factors of 2437?
2437
List the prime factors of 1034.
2, 11, 47
What are the prime factors of 335?
5, 67
List the prime factors of 36777.
3, 13, 23, 41
List the prime factors of 42582.
2, 3, 47, 151
List the prime factors of 636.
2, 3, 53
List the prime factors of 8156.
2, 2039
List the prime factors of 7623.
3, 7, 11
What are the prime factors of 2115?
3, 5, 47
What are the prime factors of 6105?
3, 5, 11, 37
What are the prime factors of 1171?
1171
What are the prime factors of 4878?
2, 3, 271
List the prime factors of 143.
11, 13
What are the prime factors of 5437?
5437
List the prime factors of 21677.
53, 409
List the prime factors of 1320.
2, 3, 5, 11
What are the prime factors of 16488?
2, 3, 229
What are the prime factors of 887?
887
What are the prime factors of 42785?
5, 43, 199
What are the prime factors of 16316?
2, 4079
What are the prime factors of 13093?
13093
List the prime factors of 200.
2, 5
What are the prime factors of 7108?
2, 1777
What are the prime factors of 49149?
3, 43, 127
List the prime factors of 2440.
2, 5, 61
List the prime factors of 8793.
3, 977
What are the prime factors of 5118?
2, 3, 853
What are the prime factors of 6351?
3, 29, 73
What are the prime factors of 719?
719
List the prime factors of 3347.
3347
List the prime factors of 1199.
11, 109
What are the prime factors of 7142?
2, 3571
What are the prime factors of 3166?
2, 1583
What are the prime factors of 78808?
2, 9851
List the prime factors of 4355.
5, 13, 67
List the prime factors of 3549.
3, 7, 13
What are the prime factors of 581?
7, 83
List the prime factors of 59759.
7, 8537
What are the prime factors of 321?
3, 107
List the prime factors of 281.
281
List the prime factors of 1761.
3, 587
What are the prime factors of 80655?
3, 5, 19, 283
What are the prime factors of 52203?
3, 17401
What are the prime factors of 1065?
3, 5, 71
List the prime factors of 1775.
5, 71
What are the prime factors of 2820?
2, 3, 5, 47
List the prime factors of 140028.
2, 3, 7, 1667
List the prime factors of 81.
3
What are the prime factors of 688?
2, 43
What are the prime factors of 825?
3, 5, 11
What are the prime factors of 17711?
89, 199
What are the prime factors of 25767?
3, 7, 409
What are the prime factors of 9111?
3, 3037
What are the prime factors of 14626?
2, 71, 103
What are the prime factors of 49403?
127, 389
What are the prime factors of 3455?
5, 691
List the prime factors of 1036.
2, 7, 37
List the prime factors of 70.
2, 5, 7
List the prime factors of 7778.
2, 3889
What are the prime factors of 69025?
5, 11, 251
What are the prime factors of 49226?
2, 151, 163
List the prime factors of 127.
127
What are the prime factors of 69989?
17, 23, 179
What are the prime factors of 94388?
2, 7, 3371
List the prime factors of 2594.
2, 1297
List the prime factors of 5748.
2, 3, 479
What are the prime factors of 186154?
2, 93077
List the prime factors of 18892.
2, 4723
What are the prime factors of 6275?
5, 251
List the prime factors of 5028.
2, 3, 419
List the prime factors of 519.
3, 173
List the prime factors of 2537.
43, 59
What are the prime factors of 7937?
7937
List the prime factors of 133338.
2, 3, 71, 313
List the prime factors of 7723.
7723
List the prime factors of 1540.
2, 5, 7, 11
List the prime factors of 1316.
2, 7, 47
What are the prime factors of 1456?
2, 7, 13
List the prime factors of 1017.
3, 113
What are the prime factors of 1747?
1747
List the prime factors of 23512.
2, 2939
What are the prime factors of 1669?
1669
What are the prime factors of 6718?
2, 3359
What are the prime factors of 2930?
2, 5, 293
List the prime factors of 34675.
5, 19, 73
List the prime factors of 385.
5, 7, 11
What are the prime factors of 6471?
3, 719
What are the prime factors of 5014?
2, 23, 109
What are the prime factors of 9427?
11, 857
What are the prime factors of 3948?
2, 3, 7, 47
What are the prime factors of 107780?
2, 5, 17, 317
List the prime factors of 20120.
2, 5, 503
What are the prime factors of 57?
3, 19
List the prime factors of 11910.
2, 3, 5, 397
What are the prime factors of 10932?
2, 3, 911
List the prime factors of 8923.
8923
What are the prime factors of 34728?
2, 3, 1447
List the prime factors of 2630.
2, 5, 263
What are the prime factors of 5533?
11, 503
List the prime factors of 13563.
3, 11, 137
What are the prime factors of 74?
2, 37
What are the prime factors of 10363?
43, 241
What are the prime factors of 878?
2, 439
What are the prime factors of 2031?
3, 677
List the prime factors of 13201.
43, 307
List the prime factors of 969.
3, 17, 19
List the prime factors of 38159.
11, 3469
What are the prime factors of 41353?
13, 3181
What are the prime factors of 7349?
7349
What are the prime factors of 920?
2, 5, 23
List the prime factors of 158.
2, 79
List the prime factors of 817.
19, 43
List the prime factors of 10736.
2, 11, 61
What are the prime factors of 47058?
2, 3, 11, 23, 31
What are the prime factors of 3824?
2, 239
What are the prime factors of 142?
2, 71
List the prime factors of 626.
2, 313
What are the prime factors of 18104?
2, 31, 73
What are the prime factors of 139?
139
List the prime factors of 80454.
2, 3, 11, 23, 53
List the prime factors of 1594.
2, 797
List the prime factors of 1203.
3, 401
What are the prime factors of 1976?
2, 13, 19
List the prime factors of 49957.
49957
List the prime factors of 483.
3, 7, 23
What are the prime factors of 1253?
7, 179
List the prime factors of 127908.
2, 3, 11, 17, 19
List the prime factors of 624.
2, 3, 13
List the prime factors of 865.
5, 173
List the prime factors of 1065.
3, 5, 71
What are the prime factors of 118639?
29, 4091
List the prime factors of 241.
241
What are the prime factors of 140225?
5, 71, 79
What are the prime factors of 36476?
2, 11, 829
List the prime factors of 36514.
2, 18257
List the prime factors of 1538.
2, 769
What are the prime factors of 41610?
2, 3, 5, 19, 73
What are the prime factors of 17334?
2, 3, 107
List the prime factors of 7389.
3, 821
What are the prime factors of 10386?
2, 3, 577
List the prime factors of 42966.
2, 3, 7, 11, 31
List the prime factors of 4774.
2, 7, 11, 31
What are the prime factors of 31354?
2, 61, 257
What are the prime factors of 14656?
2, 229
What are the prime factors of 8381?
17, 29
List the prime factors of 58779.
3, 7, 311
What are the prime factors of 7280?
2, 5, 7, 13
What are the prime factors of 16159?
11, 13, 113
List the prime factors of 26840.
2, 5, 11, 61
What are the prime factors of 37860?
2, 3, 5, 631
What are the prime factors of 439?
439
What are the prime factors of 3867?
3, 1289
What are the prime factors of 14651?
7, 13, 23
List the prime factors of 11426.
2, 29, 197
What are the prime factors of 120811?
120811
What are the prime factors of 11222?
2, 31, 181
What are the prime factors of 905?
5, 181
What are the prime factors of 260?
2, 5, 13
What are the prime factors of 86810?
2, 5, 8681
List the prime factors of 35340.
2, 3, 5, 19, 31
What are the prime factors of 46487?
7, 29, 229
What are the prime factors of 50537?
97, 521
List the prime factors of 2658.
2, 3, 443
List the prime factors of 539.
7, 11
List the prime factors of 1531.
1531
List the prime factors of 7378.
2, 7, 17, 31
What are the prime factors of 1012?
2, 11, 23
What are the prime factors of 6542?
2, 3271
List the prime factors of 1297.
1297
What are the prime factors of 42297?
3, 23, 613
List the prime factors of 1936.
2, 11
List the prime factors of 4869.
3, 541
What are the prime factors of 52286?
2, 13, 2011
What are the prime factors of 1486?
2, 743
What are the prime factors of 2511?
3, 31
List the prime factors of 10777.
13, 829
List the prime factors of 76290.
2, 3, 5, 2543
What are the prime factors of 616?
2, 7, 11
List the prime factors of 1706.
2, 853
List the prime factors of 8022.
2, 3, 7, 191
List the prime factors of 315.
3, 5, 7
List the prime factors of 57977.
57977
List the prime factors of 369.
3, 41
What are the prime factors of 303?
3, 101
What are the prime factors of 587?
587
What are the prime